{"id":400,"date":"2023-09-30T09:42:56","date_gmt":"2023-09-30T09:42:56","guid":{"rendered":"http:\/\/elternverein-vs-mariatrost.at\/?page_id=400"},"modified":"2024-11-18T20:00:14","modified_gmt":"2024-11-18T20:00:14","slug":"guten-tag","status":"publish","type":"page","link":"https:\/\/elternverein-vs-mariatrost.at\/","title":{"rendered":"HOME"},"content":{"rendered":"\n<div class=\"wp-block-columns is-layout-flex wp-container-3 wp-block-columns-is-layout-flex\">\n<div class=\"wp-block-column is-layout-flow wp-block-column-is-layout-flow\" style=\"flex-basis:100%\">\n<div class=\"wp-block-cover\"><span aria-hidden=\"true\" class=\"wp-block-cover__background has-background-dim\"><\/span><img decoding=\"async\" loading=\"lazy\" width=\"300\" height=\"169\" class=\"wp-block-cover__image-background wp-image-408\" alt=\"\" src=\"http:\/\/elternverein-vs-mariatrost.at\/wp-content\/uploads\/2023\/09\/VS-Mariatrost-3-1-300x169.jpg\" data-object-fit=\"cover\" srcset=\"https:\/\/elternverein-vs-mariatrost.at\/wp-content\/uploads\/2023\/09\/VS-Mariatrost-3-1-300x169.jpg 300w, https:\/\/elternverein-vs-mariatrost.at\/wp-content\/uploads\/2023\/09\/VS-Mariatrost-3-1-1024x576.jpg 1024w, https:\/\/elternverein-vs-mariatrost.at\/wp-content\/uploads\/2023\/09\/VS-Mariatrost-3-1-768x432.jpg 768w, https:\/\/elternverein-vs-mariatrost.at\/wp-content\/uploads\/2023\/09\/VS-Mariatrost-3-1-1536x864.jpg 1536w, https:\/\/elternverein-vs-mariatrost.at\/wp-content\/uploads\/2023\/09\/VS-Mariatrost-3-1.jpg 2048w\" sizes=\"(max-width: 300px) 100vw, 300px\" \/><div class=\"wp-block-cover__inner-container is-layout-flow wp-block-cover-is-layout-flow\">\n<p class=\"has-text-align-center has-large-font-size\">HERZLICH WILLKOMMEN!<\/p>\n<\/div><\/div>\n<\/div>\n<\/div>\n\n\n\n<p>Wir freuen uns Ihnen auf den folgenden Seiten allerhand Informationen rund um den Elternverein der VS Mariatrost bieten zu k\u00f6nnen.<\/p>\n\n\n\n<p>Sie finden hier z.B.<\/p>\n\n\n\n<ul>\n<li>aktuelle Sportprogramm<\/li>\n\n\n\n<li>Liste aller schulfreien Tage<\/li>\n\n\n\n<li>Informationen zu den Aktivit\u00e4ten des Elternvereins<\/li>\n<\/ul>\n\n\n\n<h2 class=\"wp-block-heading\">JAHRESHAUPTVERSAMLLUNG<\/h2>\n\n\n\n<p>Die j\u00e4hrliche Hauptversammlung hat bereits im Oktober 2024 stattgefunden. Die n\u00e4chste planm\u00e4\u00dfige Hauptversammlung findet im n\u00e4chsten Schuljahr statt.<br><\/p>\n","protected":false},"excerpt":{"rendered":"<p>Wir freuen uns Ihnen auf den folgenden Seiten allerhand Informationen rund um den Elternverein der VS Mariatrost bieten zu k\u00f6nnen. Sie finden hier z.B. JAHRESHAUPTVERSAMLLUNG [&hellip;]<\/p>\n","protected":false},"author":1,"featured_media":0,"parent":0,"menu_order":0,"comment_status":"closed","ping_status":"closed","template":"","meta":{"footnotes":""},"_links":{"self":[{"href":"https:\/\/elternverein-vs-mariatrost.at\/index.php?rest_route=\/wp\/v2\/pages\/400"}],"collection":[{"href":"https:\/\/elternverein-vs-mariatrost.at\/index.php?rest_route=\/wp\/v2\/pages"}],"about":[{"href":"https:\/\/elternverein-vs-mariatrost.at\/index.php?rest_route=\/wp\/v2\/types\/page"}],"author":[{"embeddable":true,"href":"https:\/\/elternverein-vs-mariatrost.at\/index.php?rest_route=\/wp\/v2\/users\/1"}],"replies":[{"embeddable":true,"href":"https:\/\/elternverein-vs-mariatrost.at\/index.php?rest_route=%2Fwp%2Fv2%2Fcomments&post=400"}],"version-history":[{"count":10,"href":"https:\/\/elternverein-vs-mariatrost.at\/index.php?rest_route=\/wp\/v2\/pages\/400\/revisions"}],"predecessor-version":[{"id":449,"href":"https:\/\/elternverein-vs-mariatrost.at\/index.php?rest_route=\/wp\/v2\/pages\/400\/revisions\/449"}],"wp:attachment":[{"href":"https:\/\/elternverein-vs-mariatrost.at\/index.php?rest_route=%2Fwp%2Fv2%2Fmedia&parent=400"}],"curies":[{"name":"wp","href":"https:\/\/api.w.org\/{rel}","templated":true}]}}